64137
List the prime factors of 386402.
2, 193201
List the prime factors of 20216606.
2, 10108303
List the prime factors of 3575092.
2, 577, 1549
What are the prime factors of 3679396?
2, 7, 331, 397
List the prime factors of 5219018.
2, 7, 113, 3299
List the prime factors of 206238.
2, 3, 37, 929
List the prime factors of 112013.
11, 17, 599
What are the prime factors of 824423?
443, 1861
List the prime factors of 155636.
2, 13, 41, 73
List the prime factors of 28146687.
3, 23, 407923
List the prime factors of 34967338.
2, 7, 2497667
What are the prime factors of 411998?
2, 113, 1823
What are the prime factors of 1431456?
2, 3, 13, 31, 37
What are the prime factors of 72243?
3, 23, 349
List the prime factors of 253816.
2, 31727
List the prime factors of 4057937.
13, 283, 1103
List the prime factors of 633334.
2, 13, 24359
List the prime factors of 10459391.
53, 197347
List the prime factors of 615260.
2, 5, 30763
What are the prime factors of 3902252?
2, 467, 2089
What are the prime factors of 11533615?
5, 59, 39097
What are the prime factors of 157576?
2, 19697
List the prime factors of 3968965.
5, 7, 11, 13, 61
What are the prime factors of 666204?
2, 3, 7, 11, 103
What are the prime factors of 2792998?
2, 13, 17, 71, 89
What are the prime factors of 29398722?
2, 3, 41, 127, 941
List the prime factors of 7759928.
2, 11, 109, 809
What are the prime factors of 443932?
2, 29, 43, 89
What are the prime factors of 19151095?
5, 17, 225307
What are the prime factors of 11991521?
1459, 8219
List the prime factors of 2857445.
5, 17, 33617
What are the prime factors of 11031?
3, 3677
List the prime factors of 1434892.
2, 358723
List the prime factors of 2266709.
2266709
List the prime factors of 301424.
2, 18839
What are the prime factors of 948812?
2, 237203
List the prime factors of 5140807.
7, 734401
List the prime factors of 1447863.
3, 482621
What are the prime factors of 18989036?
2, 11, 179, 2411
What are the prime factors of 2743447?
7, 391921
What are the prime factors of 5778005?
5, 1155601
What are the prime factors of 447432?
2, 3, 103, 181
List the prime factors of 4110241.
43, 61, 1567
List the prime factors of 28329339.
3, 317, 29789
List the prime factors of 196.
2, 7
List the prime factors of 110978.
2, 7, 7927
What are the prime factors of 28349434?
2, 14174717
List the prime factors of 420556.
2, 47, 2237
What are the prime factors of 1628806?
2, 814403
List the prime factors of 9550991.
17, 41, 71, 193
What are the prime factors of 2492036?
2, 623009
List the prime factors of 5652088.
2, 13, 54347
List the prime factors of 826817.
167, 4951
What are the prime factors of 1751239?
7, 101, 2477
List the prime factors of 192878.
2, 7, 23, 599
What are the prime factors of 8065941?
3, 13, 206819
What are the prime factors of 263983?
263983
What are the prime factors of 5612?
2, 23, 61
List the prime factors of 305864.
2, 13, 17, 173
What are the prime factors of 312392?
2, 17, 2297
What are the prime factors of 202398?
2, 3, 7, 61, 79
What are the prime factors of 11345701?
109, 104089
What are the prime factors of 1648542?
2, 3, 7, 39251
What are the prime factors of 3810552?
2, 3, 179, 887
What are the prime factors of 4788412?
2, 1197103
List the prime factors of 1471400.
2, 5, 7, 1051
List the prime factors of 3147682.
2, 661, 2381
List the prime factors of 4539857.
7, 31, 20921
What are the prime factors of 629903?
629903
What are the prime factors of 7119022?
2, 17, 37, 5659
What are the prime factors of 1401154?
2, 700577
List the prime factors of 8164540.
2, 5, 23, 17749
List the prime factors of 3053033.
29, 105277
List the prime factors of 868191.
3, 289397
List the prime factors of 335497.
113, 2969
What are the prime factors of 474525?
3, 5, 19, 37
What are the prime factors of 125317?
113, 1109
List the prime factors of 18579532.
2, 4644883
What are the prime factors of 1937794?
2, 968897
What are the prime factors of 13260405?
3, 5, 31, 28517
What are the prime factors of 150315?
3, 5, 11, 911
What are the prime factors of 753171?
3, 251057
List the prime factors of 75864.
2, 3, 29, 109
What are the prime factors of 157144?
2, 13, 1511
List the prime factors of 3334749.
3, 11, 139, 727
What are the prime factors of 270740?
2, 5, 13537
What are the prime factors of 1592232?
2, 3, 66343
List the prime factors of 87346.
2, 7, 17, 367
What are the prime factors of 165134?
2, 82567
List the prime factors of 2819628.
2, 3, 7, 67, 167
List the prime factors of 446763.
3, 148921
List the prime factors of 223964.
2, 13, 59, 73
List the prime factors of 153654.
2, 3, 25609
List the prime factors of 508012.
2, 89, 1427
List the prime factors of 103848.
2, 3, 4327
List the prime factors of 321257.
103, 3119
List the prime factors of 1321293.
3, 440431
What are the prime factors of 265401?
3, 37, 797
List the prime factors of 2827168.
2, 17, 5197
List the prime factors of 116762.
2, 79, 739
What are the prime factors of 135514?
2, 67757
What are the prime factors of 16867866?
2, 3, 2811311
List the prime factors of 958766.
2, 17, 163, 173
List the prime factors of 261508.
2, 13, 47, 107
List the prime factors of 955231.
29, 32939
List the prime factors of 1703572.
2, 13, 181
List the prime factors of 19016093.
19, 1000847
What are the prime factors of 3247167?
3, 7, 11, 14057
What are the prime factors of 2462599?
607, 4057
What are the prime factors of 6103381?
6103381
What are the prime factors of 11987?
11987
List the prime factors of 135469.
135469
What are the prime factors of 493481?
493481
What are the prime factors of 4050143?
751, 5393
List the prime factors of 23953484.
2, 5988371
List the prime factors of 264295.
5, 52859
What are the prime factors of 141041?
141041
List the prime factors of 893766.
2, 3, 148961
List the prime factors of 210965.
5, 42193
What are the prime factors of 1752301?
23, 47, 1621
List the prime factors of 399066.
2, 3, 227, 293
What are the prime factors of 1980913?
11, 101, 1783
What are the prime factors of 561599?
561599
List the prime factors of 3502086.
2, 3, 7, 83383
What are the prime factors of 24227485?
5, 269, 18013
What are the prime factors of 6245265?
3, 5, 13, 32027
List the prime factors of 2146276.
2, 11, 48779
List the prime factors of 10384984.
2, 439, 2957
What are the prime factors of 3323902?
2, 331, 5021
What are the prime factors of 263403?
3, 7, 37, 113
List the prime factors of 446230.
2, 5, 44623
What are the prime factors of 10812795?
3, 5, 7, 29, 53, 67
What are the prime factors of 3820736?
2, 59699
What are the prime factors of 2831020?
2, 5, 141551
What are the prime factors of 4741455?
3, 5, 316097
List the prime factors of 247274.
2, 123637
What are the prime factors of 1301961?
3, 23, 18869
What are the prime factors of 11816559?
3, 1312951
List the prime factors of 15199238.
2, 31, 245149
List the prime factors of 54813.
3, 11, 151
List the prime factors of 130249.
7, 23, 809
List the prime factors of 118472.
2, 59, 251
What are the prime factors of 704525?
5, 28181
List the prime factors of 902548.
2, 225637
List the prime factors of 163659.
3, 17, 3209
List the prime factors of 730838.
2, 365419
What are the prime factors of 11403400?
2, 5, 23, 37, 67
List the prime factors of 7228695.
3, 5, 139, 3467
What are the prime factors of 10860471?
3, 29, 41611
What are the prime factors of 204194?
2, 23, 193
List the prime factors of 1191527.
521, 2287
What are the prime factors of 36415645?
5, 7, 1040447
List the prime factors of 11696032.
2, 317, 1153
What are the prime factors of 244172?
2, 61043
List the prime factors of 12131644.
2, 7, 283, 1531
List the prime factors of 4747530.
2, 3, 5, 19, 8329
What are the prime factors of 1378036?
2, 11, 31319
List the prime factors of 260441.
260441
What are the prime factors of 10991371?
239, 45989
What are the prime factors of 12102638?
2, 6051319
What are the prime factors of 8044514?
2, 4022257
List the prime factors of 283337.
23, 97, 127
What are the prime factors of 105234?
2, 3, 17539
List the prime factors of 3650049.
3, 13, 10399
What are the prime factors of 46993?
46993
What are the prime factors of 2523363?
3, 37, 127, 179
List the prime factors of 435843.
3, 79, 613
What are the prime factors of 765525?
3,